{"id":1061,"date":"2023-11-04T17:10:28","date_gmt":"2023-11-04T16:10:28","guid":{"rendered":"https:\/\/www.articor.com\/politica-de-privacitat\/"},"modified":"2024-10-11T10:29:50","modified_gmt":"2024-10-11T08:29:50","slug":"politica-de-privacitat","status":"publish","type":"page","link":"https:\/\/www.articor.com\/ca\/politica-de-privacitat\/","title":{"rendered":"Pol\u00edtica de privacitat"},"content":{"rendered":"<p>[et_pb_section fb_built=&#8221;1&#8243; admin_label=&#8221;section&#8221; _builder_version=&#8221;4.16&#8243; global_colors_info=&#8221;{}&#8221;][et_pb_row admin_label=&#8221;row&#8221; _builder_version=&#8221;4.16&#8243; background_size=&#8221;initial&#8221; background_position=&#8221;top_left&#8221; background_repeat=&#8221;repeat&#8221; global_colors_info=&#8221;{}&#8221;][et_pb_column type=&#8221;4_4&#8243; _builder_version=&#8221;4.16&#8243; custom_padding=&#8221;|||&#8221; global_colors_info=&#8221;{}&#8221; custom_padding__hover=&#8221;|||&#8221;][et_pb_text admin_label=&#8221;Text&#8221; _builder_version=&#8221;4.24.0&#8243; background_size=&#8221;initial&#8221; background_position=&#8221;top_left&#8221; background_repeat=&#8221;repeat&#8221; hover_enabled=&#8221;0&#8243; global_colors_info=&#8221;{}&#8221; sticky_enabled=&#8221;0&#8243;]<\/p>\n<p>Quan precisem obtenir informaci\u00f3 per la part teva, sempre et demanarem que ens la proporcionis volunt\u00e0riament de forma expressa. Les dades demanades a trav\u00e9s dels formularis de recollida de dades del lloc web o altres vies seran incorporades a un fitxer de dades de car\u00e0cter personal, del qual \u00e9s responsable ARTICOR S.L. (en endavant, EL PROPIETARI DE LA WEB).<\/p>\n<p>Aquesta entitat tractar\u00e0 les dades de forma confidencial i amb la finalitat exclusiva d&#8217;oferir els serveis sol\u00b7licitats, amb totes les garanties legals i de seguretat que imposa la Llei Org\u00e0nica 15\/1999, de 13 de desembre, de Protecci\u00f3 de Dades de Car\u00e0cter Personal, el Reglament (UE) 2016\/679 del Parlament Europeu i del Consell de 27 d\u2019abril de 2016 (RGPD) i la Llei 34\/2002, d\u201911 de juliol, de Serveis de la Societat de la Informaci\u00f3 i Comer\u00e7 Electr\u00f2nic.<\/p>\n<p>EL PROPIETARI DE LA WEB es compromet a no cedir, vendre, ni compartir les dades amb tercers sense la seva aprovaci\u00f3 expressa.<\/p>\n<p>Aix\u00ed mateix, EL PROPIETARI DE LA WEB cancel\u00b7lar\u00e0 o rectificar\u00e0 les dades quan resultin inexactes, incompletes o hagin deixat de ser necess\u00e0ries o pertinents per a la seva finalitat, de conformitat amb el que preveu la Llei Org\u00e0nica 15\/1999, de 13 de desembre, de Protecci\u00f3 de Dades de Car\u00e0cter Personal.<\/p>\n<p>L&#8217;usuari podr\u00e0 revocar el consentiment prestat i exercir els drets d&#8217;acc\u00e9s, rectificaci\u00f3, limitaci\u00f3 del tractament, portabilitat, cancel\u00b7laci\u00f3 i oposici\u00f3 dirigint-se al domicili social de EL PROPIETARI DE LA WEB, situat a la C\/ Gas, 10 \u2013 17200 Palafrugell &#8211; Girona, identificant degudament i indicant de forma visible el concret dret que s&#8217;exerceix.<\/p>\n<p>EL PROPIETARI DE LA WEB adopta els nivells de seguretat corresponents requerits per la citada Llei Org\u00e0nica 15\/1999 i altra normativa aplicable. No obstant aix\u00f2, no assumeix cap responsabilitat pels danys i perjudicis derivats de alteracions que tercers poden causar als sistemes inform\u00e0tics, documents electr\u00f2nics o fitxers de l&#8217;usuari.<\/p>\n<p>EL PROPIETARI DE LA WEB podr\u00e0 utilitzar cookies durant la prestaci\u00f3 de serveis del lloc web. Les cookies s\u00f3n fitxers f\u00edsics d&#8217;informaci\u00f3 personal allotjats en el propi terminal de l&#8217;usuari. L&#8217;usuari t\u00e9 la possibilitat de configurar el seu programa navegador de manera que s&#8217;impedeixi la creaci\u00f3 d&#8217;arxius cookies o s\u2019adverteixi de la mateixa.<\/p>\n<p>Si optes a abandonar el nostre lloc web a trav\u00e9s d&#8217;enlla\u00e7os a llocs web no pertanyents a la nostra entitat, EL PROPIETARI DE LA WEB no es far\u00e0 responsable de les pol\u00edtiques de privacitat d&#8217;aquests llocs web ni de les cookies que aquests puguin emmagatzemar a l&#8217;ordinador de l&#8217;usuari.<\/p>\n<p>La nostra pol\u00edtica respecte al correu electr\u00f2nic se centra a remetre \u00fanicament comunicacions que hagis sol\u00b7licitat rebre.<\/p>\n<p>Si prefereixes no rebre aquests missatges per correu electr\u00f2nic, t\u2019oferirem, a trav\u00e9s dels mateixos, la possibilitat d&#8217;exercir el teu dret de cancel\u00b7laci\u00f3 i ren\u00fancia a la recepci\u00f3 d&#8217;aquests missatges, de conformitat amb el que disposa el t\u00edtol III, article 22, de la Llei 34 \/2002 de Serveis per a la Societat de la Informaci\u00f3 i de Comer\u00e7 Electr\u00f2nic.<\/p>\n<p>Procediment en cas de realitzaci\u00f3 d\u2019activitats de car\u00e0cter il\u00b7l\u00edcit<\/p>\n<p>En el cas que qualsevol usuari o un tercer consideri que existeixen fets o circumst\u00e0ncies que revelin el car\u00e0cter il\u00b7l\u00edcit de la utilitzaci\u00f3 de qualsevol contingut i\/o de la realitzaci\u00f3 de qualsevol activitat en les p\u00e0gines web incloses o accessibles a trav\u00e9s del lloc web, haur\u00e0 d&#8217;enviar una notificaci\u00f3 al PROPIETARI DE LA WEB identificant-se degudament, especificant les suposades infraccions i declarant expressament, i sota la seva responsabilitat, que la informaci\u00f3 proporcionada a la notificaci\u00f3 \u00e9s exacta.<\/p>\n<p>Per a tota q\u00fcesti\u00f3 litigiosa que incumbeixi al lloc web del PROPIETARI DE LA WEB, ser\u00e0 d&#8217;aplicaci\u00f3 la legislaci\u00f3 espanyola, essent competents els Jutjats i Tribunals corresponents.<\/p>\n<p>[\/et_pb_text][\/et_pb_column][\/et_pb_row][\/et_pb_section]<\/p>\n","protected":false},"excerpt":{"rendered":"<p>Quan precisem obtenir informaci\u00f3 per la part teva, sempre et demanarem que ens la proporcionis volunt\u00e0riament de forma expressa. Les dades demanades a trav\u00e9s dels formularis de recollida de dades del lloc web o altres vies seran incorporades a un fitxer de dades de car\u00e0cter personal, del qual \u00e9s responsable ARTICOR S.L. (en endavant, EL [&hellip;]<\/p>\n","protected":false},"author":1,"featured_media":0,"parent":0,"menu_order":0,"comment_status":"closed","ping_status":"closed","template":"","meta":{"_et_pb_use_builder":"on","_et_pb_old_content":"","_et_gb_content_width":"","footnotes":""},"class_list":["post-1061","page","type-page","status-publish","hentry"],"yoast_head":"<!-- This site is optimized with the Yoast SEO plugin v24.4 - https:\/\/yoast.com\/wordpress\/plugins\/seo\/ -->\n<title>Pol\u00edtica de privacitat - Articor Cork Products<\/title>\n<meta name=\"robots\" content=\"index, follow, max-snippet:-1, max-image-preview:large, max-video-preview:-1\" \/>\n<link rel=\"canonical\" href=\"https:\/\/www.articor.com\/ca\/politica-de-privacitat\/\" \/>\n<meta property=\"og:locale\" content=\"ca_ES\" \/>\n<meta property=\"og:type\" content=\"article\" \/>\n<meta property=\"og:title\" content=\"Pol\u00edtica de privacitat - Articor Cork Products\" \/>\n<meta property=\"og:description\" content=\"Quan precisem obtenir informaci\u00f3 per la part teva, sempre et demanarem que ens la proporcionis volunt\u00e0riament de forma expressa. Les dades demanades a trav\u00e9s dels formularis de recollida de dades del lloc web o altres vies seran incorporades a un fitxer de dades de car\u00e0cter personal, del qual \u00e9s responsable ARTICOR S.L. (en endavant, EL [&hellip;]\" \/>\n<meta property=\"og:url\" content=\"https:\/\/www.articor.com\/ca\/politica-de-privacitat\/\" \/>\n<meta property=\"og:site_name\" content=\"Articor Cork Products\" \/>\n<meta property=\"article:modified_time\" content=\"2024-10-11T08:29:50+00:00\" \/>\n<meta name=\"twitter:card\" content=\"summary_large_image\" \/>\n<meta name=\"twitter:label1\" content=\"Temps estimat de lectura\" \/>\n\t<meta name=\"twitter:data1\" content=\"4 minuts\" \/>\n<script type=\"application\/ld+json\" class=\"yoast-schema-graph\">{\"@context\":\"https:\/\/schema.org\",\"@graph\":[{\"@type\":\"WebPage\",\"@id\":\"https:\/\/www.articor.com\/ca\/politica-de-privacitat\/\",\"url\":\"https:\/\/www.articor.com\/ca\/politica-de-privacitat\/\",\"name\":\"Pol\u00edtica de privacitat - Articor Cork Products\",\"isPartOf\":{\"@id\":\"https:\/\/www.articor.com\/ca\/#website\"},\"datePublished\":\"2023-11-04T16:10:28+00:00\",\"dateModified\":\"2024-10-11T08:29:50+00:00\",\"breadcrumb\":{\"@id\":\"https:\/\/www.articor.com\/ca\/politica-de-privacitat\/#breadcrumb\"},\"inLanguage\":\"ca\",\"potentialAction\":[{\"@type\":\"ReadAction\",\"target\":[\"https:\/\/www.articor.com\/ca\/politica-de-privacitat\/\"]}]},{\"@type\":\"BreadcrumbList\",\"@id\":\"https:\/\/www.articor.com\/ca\/politica-de-privacitat\/#breadcrumb\",\"itemListElement\":[{\"@type\":\"ListItem\",\"position\":1,\"name\":\"Portada\",\"item\":\"https:\/\/www.articor.com\/ca\/home\/\"},{\"@type\":\"ListItem\",\"position\":2,\"name\":\"Pol\u00edtica de privacitat\"}]},{\"@type\":\"WebSite\",\"@id\":\"https:\/\/www.articor.com\/ca\/#website\",\"url\":\"https:\/\/www.articor.com\/ca\/\",\"name\":\"Articor Cork Products\",\"description\":\"Fabricantes de productos derivados del corcho\",\"publisher\":{\"@id\":\"https:\/\/www.articor.com\/ca\/#organization\"},\"potentialAction\":[{\"@type\":\"SearchAction\",\"target\":{\"@type\":\"EntryPoint\",\"urlTemplate\":\"https:\/\/www.articor.com\/ca\/?s={search_term_string}\"},\"query-input\":{\"@type\":\"PropertyValueSpecification\",\"valueRequired\":true,\"valueName\":\"search_term_string\"}}],\"inLanguage\":\"ca\"},{\"@type\":\"Organization\",\"@id\":\"https:\/\/www.articor.com\/ca\/#organization\",\"name\":\"Articor Cork Products\",\"url\":\"https:\/\/www.articor.com\/ca\/\",\"logo\":{\"@type\":\"ImageObject\",\"inLanguage\":\"ca\",\"@id\":\"https:\/\/www.articor.com\/ca\/#\/schema\/logo\/image\/\",\"url\":\"https:\/\/www.articor.com\/wp-content\/uploads\/2023\/11\/logo_-blau_gris.png\",\"contentUrl\":\"https:\/\/www.articor.com\/wp-content\/uploads\/2023\/11\/logo_-blau_gris.png\",\"width\":233,\"height\":72,\"caption\":\"Articor Cork Products\"},\"image\":{\"@id\":\"https:\/\/www.articor.com\/ca\/#\/schema\/logo\/image\/\"}}]}<\/script>\n<!-- \/ Yoast SEO plugin. -->","yoast_head_json":{"title":"Pol\u00edtica de privacitat - Articor Cork Products","robots":{"index":"index","follow":"follow","max-snippet":"max-snippet:-1","max-image-preview":"max-image-preview:large","max-video-preview":"max-video-preview:-1"},"canonical":"https:\/\/www.articor.com\/ca\/politica-de-privacitat\/","og_locale":"ca_ES","og_type":"article","og_title":"Pol\u00edtica de privacitat - Articor Cork Products","og_description":"Quan precisem obtenir informaci\u00f3 per la part teva, sempre et demanarem que ens la proporcionis volunt\u00e0riament de forma expressa. Les dades demanades a trav\u00e9s dels formularis de recollida de dades del lloc web o altres vies seran incorporades a un fitxer de dades de car\u00e0cter personal, del qual \u00e9s responsable ARTICOR S.L. (en endavant, EL [&hellip;]","og_url":"https:\/\/www.articor.com\/ca\/politica-de-privacitat\/","og_site_name":"Articor Cork Products","article_modified_time":"2024-10-11T08:29:50+00:00","twitter_card":"summary_large_image","twitter_misc":{"Temps estimat de lectura":"4 minuts"},"schema":{"@context":"https:\/\/schema.org","@graph":[{"@type":"WebPage","@id":"https:\/\/www.articor.com\/ca\/politica-de-privacitat\/","url":"https:\/\/www.articor.com\/ca\/politica-de-privacitat\/","name":"Pol\u00edtica de privacitat - Articor Cork Products","isPartOf":{"@id":"https:\/\/www.articor.com\/ca\/#website"},"datePublished":"2023-11-04T16:10:28+00:00","dateModified":"2024-10-11T08:29:50+00:00","breadcrumb":{"@id":"https:\/\/www.articor.com\/ca\/politica-de-privacitat\/#breadcrumb"},"inLanguage":"ca","potentialAction":[{"@type":"ReadAction","target":["https:\/\/www.articor.com\/ca\/politica-de-privacitat\/"]}]},{"@type":"BreadcrumbList","@id":"https:\/\/www.articor.com\/ca\/politica-de-privacitat\/#breadcrumb","itemListElement":[{"@type":"ListItem","position":1,"name":"Portada","item":"https:\/\/www.articor.com\/ca\/home\/"},{"@type":"ListItem","position":2,"name":"Pol\u00edtica de privacitat"}]},{"@type":"WebSite","@id":"https:\/\/www.articor.com\/ca\/#website","url":"https:\/\/www.articor.com\/ca\/","name":"Articor Cork Products","description":"Fabricantes de productos derivados del corcho","publisher":{"@id":"https:\/\/www.articor.com\/ca\/#organization"},"potentialAction":[{"@type":"SearchAction","target":{"@type":"EntryPoint","urlTemplate":"https:\/\/www.articor.com\/ca\/?s={search_term_string}"},"query-input":{"@type":"PropertyValueSpecification","valueRequired":true,"valueName":"search_term_string"}}],"inLanguage":"ca"},{"@type":"Organization","@id":"https:\/\/www.articor.com\/ca\/#organization","name":"Articor Cork Products","url":"https:\/\/www.articor.com\/ca\/","logo":{"@type":"ImageObject","inLanguage":"ca","@id":"https:\/\/www.articor.com\/ca\/#\/schema\/logo\/image\/","url":"https:\/\/www.articor.com\/wp-content\/uploads\/2023\/11\/logo_-blau_gris.png","contentUrl":"https:\/\/www.articor.com\/wp-content\/uploads\/2023\/11\/logo_-blau_gris.png","width":233,"height":72,"caption":"Articor Cork Products"},"image":{"@id":"https:\/\/www.articor.com\/ca\/#\/schema\/logo\/image\/"}}]}},"_links":{"self":[{"href":"https:\/\/www.articor.com\/ca\/wp-json\/wp\/v2\/pages\/1061","targetHints":{"allow":["GET"]}}],"collection":[{"href":"https:\/\/www.articor.com\/ca\/wp-json\/wp\/v2\/pages"}],"about":[{"href":"https:\/\/www.articor.com\/ca\/wp-json\/wp\/v2\/types\/page"}],"author":[{"embeddable":true,"href":"https:\/\/www.articor.com\/ca\/wp-json\/wp\/v2\/users\/1"}],"replies":[{"embeddable":true,"href":"https:\/\/www.articor.com\/ca\/wp-json\/wp\/v2\/comments?post=1061"}],"version-history":[{"count":7,"href":"https:\/\/www.articor.com\/ca\/wp-json\/wp\/v2\/pages\/1061\/revisions"}],"predecessor-version":[{"id":3242,"href":"https:\/\/www.articor.com\/ca\/wp-json\/wp\/v2\/pages\/1061\/revisions\/3242"}],"wp:attachment":[{"href":"https:\/\/www.articor.com\/ca\/wp-json\/wp\/v2\/media?parent=1061"}],"curies":[{"name":"wp","href":"https:\/\/api.w.org\/{rel}","templated":true}]}}

Política de privacitat

<p>[et_pb_section fb_built=&#8221;1&#8243; admin_label=&#8221;section&#8221; _builder_version=&#8221;4.16&#8243; global_colors_info=&#8221;{}&#8221;][et_pb_row admin_label=&#8221;row&#8221; _builder_version=&#8221;4.16&#8243; background_size=&#8221;initial&#8221; background_position=&#8221;top_left&#8221; background_repeat=&#8221;repeat&#8221; global_colors_info=&#8221;{}&#8221;][et_pb_column type=&#8221;4_4&#8243; _builder_version=&#8221;4.16&#8243; custom_padding=&#8221;|||&#8221; global_colors_info=&#8221;{}&#8221; custom_padding__hover=&#8221;|||&#8221;][et_pb_text admin_label=&#8221;Text&#8221; _builder_version=&#8221;4.24.0&#8243; background_size=&#8221;initial&#8221; background_position=&#8221;top_left&#8221; background_repeat=&#8221;repeat&#8221; hover_enabled=&#8221;0&#8243; global_colors_info=&#8221;{}&#8221; sticky_enabled=&#8221;0&#8243;]</p>
<p>Quan precisem obtenir informació per la part teva, sempre et demanarem que ens la proporcionis voluntàriament de forma expressa. Les dades demanades a través dels formularis de recollida de dades del lloc web o altres vies seran incorporades a un fitxer de dades de caràcter personal, del qual és responsable ARTICOR S.L. (en endavant, EL PROPIETARI DE LA WEB).</p>
<p>Aquesta entitat tractarà les dades de forma confidencial i amb la finalitat exclusiva d&#8217;oferir els serveis sol·licitats, amb totes les garanties legals i de seguretat que imposa la Llei Orgànica 15/1999, de 13 de desembre, de Protecció de Dades de Caràcter Personal, el Reglament (UE) 2016/679 del Parlament Europeu i del Consell de 27 d’abril de 2016 (RGPD) i la Llei 34/2002, d’11 de juliol, de Serveis de la Societat de la Informació i Comerç Electrònic.</p>
<p>EL PROPIETARI DE LA WEB es compromet a no cedir, vendre, ni compartir les dades amb tercers sense la seva aprovació expressa.</p>
<p>Així mateix, EL PROPIETARI DE LA WEB cancel·larà o rectificarà les dades quan resultin inexactes, incompletes o hagin deixat de ser necessàries o pertinents per a la seva finalitat, de conformitat amb el que preveu la Llei Orgànica 15/1999, de 13 de desembre, de Protecció de Dades de Caràcter Personal.</p>
<p>L&#8217;usuari podrà revocar el consentiment prestat i exercir els drets d&#8217;accés, rectificació, limitació del tractament, portabilitat, cancel·lació i oposició dirigint-se al domicili social de EL PROPIETARI DE LA WEB, situat a la C/ Gas, 10 – 17200 Palafrugell &#8211; Girona, identificant degudament i indicant de forma visible el concret dret que s&#8217;exerceix.</p>
<p>EL PROPIETARI DE LA WEB adopta els nivells de seguretat corresponents requerits per la citada Llei Orgànica 15/1999 i altra normativa aplicable. No obstant això, no assumeix cap responsabilitat pels danys i perjudicis derivats de alteracions que tercers poden causar als sistemes informàtics, documents electrònics o fitxers de l&#8217;usuari.</p>
<p>EL PROPIETARI DE LA WEB podrà utilitzar cookies durant la prestació de serveis del lloc web. Les cookies són fitxers físics d&#8217;informació personal allotjats en el propi terminal de l&#8217;usuari. L&#8217;usuari té la possibilitat de configurar el seu programa navegador de manera que s&#8217;impedeixi la creació d&#8217;arxius cookies o s’adverteixi de la mateixa.</p>
<p>Si optes a abandonar el nostre lloc web a través d&#8217;enllaços a llocs web no pertanyents a la nostra entitat, EL PROPIETARI DE LA WEB no es farà responsable de les polítiques de privacitat d&#8217;aquests llocs web ni de les cookies que aquests puguin emmagatzemar a l&#8217;ordinador de l&#8217;usuari.</p>
<p>La nostra política respecte al correu electrònic se centra a remetre únicament comunicacions que hagis sol·licitat rebre.</p>
<p>Si prefereixes no rebre aquests missatges per correu electrònic, t’oferirem, a través dels mateixos, la possibilitat d&#8217;exercir el teu dret de cancel·lació i renúncia a la recepció d&#8217;aquests missatges, de conformitat amb el que disposa el títol III, article 22, de la Llei 34 /2002 de Serveis per a la Societat de la Informació i de Comerç Electrònic.</p>
<p>Procediment en cas de realització d’activitats de caràcter il·lícit</p>
<p>En el cas que qualsevol usuari o un tercer consideri que existeixen fets o circumstàncies que revelin el caràcter il·lícit de la utilització de qualsevol contingut i/o de la realització de qualsevol activitat en les pàgines web incloses o accessibles a través del lloc web, haurà d&#8217;enviar una notificació al PROPIETARI DE LA WEB identificant-se degudament, especificant les suposades infraccions i declarant expressament, i sota la seva responsabilitat, que la informació proporcionada a la notificació és exacta.</p>
<p>Per a tota qüestió litigiosa que incumbeixi al lloc web del PROPIETARI DE LA WEB, serà d&#8217;aplicació la legislació espanyola, essent competents els Jutjats i Tribunals corresponents.</p>
<p>[/et_pb_text][/et_pb_column][/et_pb_row][/et_pb_section]</p>

<p>Quan precisem obtenir informació per la part teva, sempre et demanarem que ens la proporcionis voluntàriament de forma expressa. Les dades demanades a través dels formularis de recollida de dades del lloc web o altres vies seran incorporades a un fitxer de dades de caràcter personal, del qual és responsable ARTICOR S.L. (en endavant, EL [&hellip;]</p>

<!-- This site is optimized with the Yoast SEO plugin v24.4 - https://yoast.com/wordpress/plugins/seo/ -->
<title>Política de privacitat - Articor Cork Products</title>
<meta name="robots" content="index, follow, max-snippet:-1, max-image-preview:large, max-video-preview:-1" />
<link rel="canonical" href="https://www.articor.com/ca/politica-de-privacitat/" />
<meta property="og:locale" content="ca_ES" />
<meta property="og:type" content="article" />
<meta property="og:title" content="Política de privacitat - Articor Cork Products" />
<meta property="og:description" content="Quan precisem obtenir informació per la part teva, sempre et demanarem que ens la proporcionis voluntàriament de forma expressa. Les dades demanades a través dels formularis de recollida de dades del lloc web o altres vies seran incorporades a un fitxer de dades de caràcter personal, del qual és responsable ARTICOR S.L. (en endavant, EL [&hellip;]" />
<meta property="og:url" content="https://www.articor.com/ca/politica-de-privacitat/" />
<meta property="og:site_name" content="Articor Cork Products" />
<meta property="article:modified_time" content="2024-10-11T08:29:50+00:00" />
<meta name="twitter:card" content="summary_large_image" />
<meta name="twitter:label1" content="Temps estimat de lectura" />
	<meta name="twitter:data1" content="4 minuts" />
<script type="application/ld+json" class="yoast-schema-graph">{"@context":"https://schema.org","@graph":[{"@type":"WebPage","@id":"https://www.articor.com/ca/politica-de-privacitat/","url":"https://www.articor.com/ca/politica-de-privacitat/","name":"Política de privacitat - Articor Cork Products","isPartOf":{"@id":"https://www.articor.com/ca/#website"},"datePublished":"2023-11-04T16:10:28+00:00","dateModified":"2024-10-11T08:29:50+00:00","breadcrumb":{"@id":"https://www.articor.com/ca/politica-de-privacitat/#breadcrumb"},"inLanguage":"ca","potentialAction":[{"@type":"ReadAction","target":["https://www.articor.com/ca/politica-de-privacitat/"]}]},{"@type":"BreadcrumbList","@id":"https://www.articor.com/ca/politica-de-privacitat/#breadcrumb","itemListElement":[{"@type":"ListItem","position":1,"name":"Portada","item":"https://www.articor.com/ca/home/"},{"@type":"ListItem","position":2,"name":"Política de privacitat"}]},{"@type":"WebSite","@id":"https://www.articor.com/ca/#website","url":"https://www.articor.com/ca/","name":"Articor Cork Products","description":"Fabricantes de productos derivados del corcho","publisher":{"@id":"https://www.articor.com/ca/#organization"},"potentialAction":[{"@type":"SearchAction","target":{"@type":"EntryPoint","urlTemplate":"https://www.articor.com/ca/?s={search_term_string}"},"query-input":{"@type":"PropertyValueSpecification","valueRequired":true,"valueName":"search_term_string"}}],"inLanguage":"ca"},{"@type":"Organization","@id":"https://www.articor.com/ca/#organization","name":"Articor Cork Products","url":"https://www.articor.com/ca/","logo":{"@type":"ImageObject","inLanguage":"ca","@id":"https://www.articor.com/ca/#/schema/logo/image/","url":"https://www.articor.com/wp-content/uploads/2023/11/logo_-blau_gris.png","contentUrl":"https://www.articor.com/wp-content/uploads/2023/11/logo_-blau_gris.png","width":233,"height":72,"caption":"Articor Cork Products"},"image":{"@id":"https://www.articor.com/ca/#/schema/logo/image/"}}]}</script>
<!-- / Yoast SEO plugin. -->

Política de privacitat - Articor Cork Products

Quan precisem obtenir informació per la part teva, sempre et demanarem que ens la proporcionis voluntàriament de forma expressa. Les dades demanades a través dels formularis de recollida de dades del lloc web o altres vies seran incorporades a un fitxer de dades de caràcter personal, del qual és responsable ARTICOR S.L. (en endavant, EL [&hellip;]
